39*n + 701. Determine t(18).
-1
Let q(k) = -5*k**2 - k - 2. What is q(-2)?
-20
Let v(r) = -r + 17. What is v(10)?
7
Let f(j) = j**2 + 10*j - 16. Determine f(-12).
8
Let a(t) = -4*t - 9. Give a(-7).
19
Let l(q) = -q**3 + 12*q**2 - 5*q - 59. What is l(11)?
7
Let d(k) = 2*k**2 + 12*k - 2. Give d(-6).
-2
Let z(s) = 2*s**3 + 9*s**2 - 57*s - 5. Calculate z(-8).
3
Let d(i) = 60*i - 664. Calculate d(11).
-4
Let w(t) = -28*t**2 + t. Give w(-1).
-29
Let d(q) = -11*q - 2. Calculate d(-6).
64
Let g(n) = -3*n - 49. Determine g(-14).
-7
Let j(r) = 2*r**2 - 8*r + 10. Determine j(4).
10
Let v(m) = -2*m**3 - 17*m**2 - 2*m - 12. Give v(-8).
-60
Let q(u) = 3*u**2 + 4*u + 4. Calculate q(-3).
19
Let c(z) = -z + 40. Give c(17).
23
Let g(d) = d**2 + 4*d + 2. Determine g(-4).
2
Let s(x) = x**3 - 5. Determine s(-3).
-32
Let k(g) = -g**2 - 11*g + 6. What is k(-11)?
6
Let i(q) = 25*q + 231. Determine i(-9).
6
Let a(w) = -w**2 - w + 47. Give a(-7).
5
Let s(q) = -q**2 + 13*q - 18. Give s(11).
4
Let a(w) = -w**2 + 23*w - 93. Determine a(17).
9
Let k(r) = 14*r - 109. Give k(7).
-11
Let b(y) = -y**3 + 30*y**2 - 23*y - 171. Give b(29).
3
Let o(a) = -27*a - 119. Give o(-5).
16
Let l(r) = -2*r**3 - 5*r**2 - 5*r - 10. Determine l(-3).
14
Let j(i) = 7*i + 91. Determine j(-17).
-28
Let g(t) = -t**3 + 21*t**2 - t + 11. Calculate g(21).
-10
Let t(k) = -k**2 + 16*k - 20. Determine t(15).
-5
Let b(m) = -m**3 + 8*m**2 + 10*m + 20. What is b(9)?
29
Let c(a) = 27*a + 651. Give c(-24).
3
Let r(z) = 3*z**3 - 49*z**2 + 20*z - 48. Determine r(16).
16
Let v(p) = p - 9. Give v(3).
-6
Let j(t) = t**2 + 15*t + 21. What is j(-14)?
7
Let s(q) = -6*q + 60. Calculate s(11).
-6
Let y(h) = 13*h**3 + h**2 - h - 2. Give y(-1).
-13
Let p(h) = 9*h + 34. What is p(-9)?
-47
Let m(l) = l**2 + l - 3. Determine m(1).
-1
Let j(q) = -q + 14. Give j(10).
4
Let n(y) = -6*y + 3. Give n(1).
-3
Let m(j) = j**3 + 2*j**2 + 4*j + 32. Calculate m(-4).
-16
Let n(k) = -k**2 + 16*k - 22. Determine n(15).
-7
Let j(n) = 8*n**2 - 6*n - 4. What is j(-4)?
148
Let c(l) = -l**2 - 25*l - 26. What is c(-24)?
-2
Let s(k) = 46*k**3 - k**2 - 3*k - 3. Give s(-1).
-47
Let o(k) = -k**2 + 4*k - 3. Determine o(4).
-3
Let y(o) = -7*o + 54. Calculate y(8).
-2
Let t(v) = -v**2 - 14*v + 11. Give t(-8).
59
Let d(q) = -17*q**2 - q. What is d(1)?
-18
Let o(k) = k**2 + 3*k. Determine o(3).
18
Let h(s) = s**2 + 7*s - 2. Calculate h(-7).
-2
Let k(y) = 14*y + 4. Give k(0).
4
Let y(t) = 2*t**2 - 39*t + 102. Determine y(3).
3
Let f(q) = q**2 + 2*q - 7. Give f(-6).
17
Let y(v) = 2*v**3 + v**2 - 7*v - 10. Calculate y(-2).
-8
Let v(s) = 3*s + 14. Calculate v(-6).
-4
Let x(c) = c**2 - 14*c + 17. Give x(13).
4
Let m(j) = 5*j + 10. What is m(-5)?
-15
Let m(p) = 6*p + 19. Calculate m(-8).
-29
Let c(h) = -h**3 + 24*h**2 + 27*h - 58. Determine c(25).
-8
Let u(n) = -n**2 + 14*n - 39. What is u(8)?
9
Let g(z) = -4*z**2 - 35*z + 5. Calculate g(-5).
80
Let d(o) = -o**2 + 8*o + 1. Determine d(7).
8
Let w(p) = -26*p - 44. Calculate w(-5).
86
Let x(n) = n**2 - n + 3. Calculate x(-4).
23
Let i(v) = v**2 + 2*v - 3. Calculate i(-5).
12
Let t(u) = -22*u - 413. What is t(-19)?
5
Let b(x) = x**3 + 3*x**2 - 21*x - 61. Determine b(-5).
-6
Let z(o) = 4*o - 46. Calculate z(8).
-14
Let o(h) = -h**3 + 11*h**2 + 12*h + 8. Give o(12).
8
Let r(f) = f**3 + 10*f**2 - 15*f - 31. Calculate r(-11).
13
Let m(y) = y**2 - 2*y - 2. What is m(8)?
46
Let w(q) = -q**3 + 12*q**2 - 17*q - 31. Give w(10).
-1
Let f(c) = 3*c**2 - 6*c + 21. Calculate f(3).
30
Let k(w) = -w**3 + 7. Give k(0).
7
Let u(h) = -h**2 + 15*h - 53. Give u(10).
-3
Let v(h) = -h**2 + 4*h + 30. Calculate v(-6).
-30
Let h(i) = 49*i**3 - 2*i**2 - 3*i - 1. Determine h(-1).
-49
Let a(j) = 5*j. Determine a(1).
5
Let b(d) = -11*d + 392. Calculate b(34).
18
Let d(w) = -w**2 + 11*w - 15. Calculate d(8).
9
Let y(s) = -s**3 + s - 1. Calculate y(3).
-25
Let q(i) = -2*i**2 - 31*i - 69. What is q(-13)?
-4
Let x(m) = 3*m**2 + 3*m - 2. Determine x(-3).
16
Let o(a) = 2*a**2 + 5*a - 5. Give o(1).
2
Let d(z) = -z**3 - 3*z**2 + 5*z - 2. Determine d(-4).
-6
Let n(x) = 2*x**3 - 4*x - 35. What is n(0)?
-35
Let z(m) = -m**3 - 6*m**2 + 40*m + 7. Determine z(-10).
7
Let j(w) = -w**3 - w**2 + w - 9. Calculate j(-4).
35
Let j(n) = n + 54. Determine j(-20).
34
Let o(w) = w**3 - 8*w**2 + 16*w - 2. Determine o(3).
1
Let a(u) = -10*u. Calculate a(-2).
20
Let t(w) = -18*w**3 + w**2 + 4*w - 1. Calculate t(-2).
139
Let o(a) = -2*a**2 + 8*a + 18. Give o(-2).
-6
Let p(w) = w + 22. What is p(-15)?
7
Let h(x) = -x**3 + 46*x**2 + 94*x + 102. Give h(48).
6
Let s(o) = -3*o**3 + 50*o**2 + 15*o + 21. Give s(17).
-13
Let s(n) = n**3 - 4*n**2 - 10*n - 5. Determine s(-2).
-9
Let v(u) = 2*u. Determine v(-3).
-6
Let b(i) = i**3 + 9*i**2 + i + 2. Give b(-9).
-7
Let c(x) = 4*x**3 + 43*x**2 - 12*x + 8. Calculate c(-11).
19
Let g(f) = f**2 - 14*f + 6. Determine g(9).
-39
Let o(a) = -a**3 - 15*a**2 + a + 19. Determine o(-15).
4
Let p(l) = -l**2 - l - 10. Give p(0).
-10
Let j(f) = -4*f + 10. Determine j(0).
10
Let k(x) = -2*x**3 + 16*x**2 - 11*x - 11. What is k(7)?
10
Let a(s) = 2*s**3 + 3*s**2 + s + 6. Calculate a(-4).
-78
Let d(k) = 2*k**2 - 36*k + 18. What is d(11)?
-136
Let v(w) = w**2 - 9*w + 6. Determine v(6).
-12
Let u(p) = 4*p - 6. What is u(-5)?
-26
Let h(b) = 2*b**3 + 5*b**2 - b - 11. What is h(-3)?
-17
Let u(z) = -z**2 + 11*z - 9. Determine u(7).
19
Let f(s) = s**3 - 2*s**2 - 3*s + 3. Determine f(3).
3
Let p(f) = -9*f**3 - 2*f**2 + 3*f + 4. What is p(-1)?
8
Let t(d) = -2*d**3 + 16*d**2 + 35*d + 36. Calculate t(10).
-14
Let o(f) = f**2 - 11*f + 25. What is o(3)?
1
Let f(h) = h - 3. Give f(7).
4
Let l(n) = -n - 23. Determine l(-11).
-12
Let t(d) = 3*d**3 - 11*d**2 + d - 2. What is t(4)?
18
Let i(g) = -g**2 - 48*g + 660. Calculate i(-59).
11
Let v(y) = -29*y**2 + 3*y - 2. Determine v(1).
-28
Let b(z) = z**2 + 33*z - 115. Give b(-37).
33
Let d(k) = 17*k + 103. Give d(-6).
1
Let n(h) = -62*h - 258. What is n(-4)?
-10
Let p(r) = -r**2 - 21*r - 14. Calculate p(-20).
6
Let l(b) = 12*b**2 + 83*b - 9. Calculate l(-7).
-2
Let f(n) = 12*n - 30. What is f(3)?
6
Let c(o) = -o**3 + 10*o**2 + 10*o - 10. Calculate c(11).
-21
Let t(d) = -d**3 - 13*d**2 - 12*d + 13. Determine t(-12).
13
Let l(a) = 10*a**2 - 3. What is l(2)?
37
Let f(b) = -7*b - 13. What is f(-2)?
1
Let p(o) = 10*o**3 - 2*o**2 + 1. Determine p(1).
9
Let c(y) = 4*y**3 - y + 2. Give c(-2).
-28
Let o(h) = -h**2 - 6*h. Determine o(-6).
0
Let y(o) = -o**3 + 14*o**2 + o - 37. Calculate y(14).
-23
Let b(x) = x**2 - 9*x + 5. Determine b(8).
-3
Let h(j) = -64*j + 378. Determine h(6).
-6
Let w(z) = 4*z**2 + 7. Give w(-4).
71
Let q(b) = -b**3 + 7*b**2 + 3*b - 4. Give q(7).
17
Let j(a) = 6*a**3 + 3*a**2 + a - 4. What is j(-2)?
-42
Let g(x) = x**3 + 6*x**2 + 2*x - 7. Give g(-4).
17
Let f(r) = -r**2 + 26*r - 25. Determine f(25).
0
Let q(l) = -56*l - 286. Determine q(-5).
-6
Let z(s) = 13*s**3 + 2*s**2 - 3*s + 2. Give z(1).
14
Let w(s) = s**2 + 2*s - 230. Give w(-16).
-6
Let x(s) = s**3 + 5*s**2 - s - 17. Calculate x(-4).
3
Let j(g) = -82*g + 249. Give j(3).
3
Let l(j) = j - 4. What is l(-7)?
-11
Let l(w) = w**3 + 7*w**2 + w + 15. Calculate l(-8).
-57
Let k(p) = -2*p**3 - 26. Give k(0).
-26
Let x(h) = -2*h**2 - 13*h - 12. Calculate x(-5).
3
Let l(b) = -2*b**2 + 8*b + 1. Determine l(6).
-23
Let p(j) = -j**3 + 15*j**2 - 10*j - 74. What is p(14)?
-18
Let x(u) = 2*u**2 - 4*u + 1. Calculate x(3).
7
Let v(t) = -t**3 + 7*t**2 + 10*t - 15. Determine v(7).
55
Let g(y) = 10*y + 34. Determine g(-4).
-6
Let k(o) = o**3 + 6*o**2 - 2*o - 7. What is k(-6)?
5
Let g(p) = -p**2 - 18*p - 6. What is g(-16)?
26
Let j(z) = z**2 + 21*z + 55. What is j(-15)?
-35
Let y(p) = 6*p - 25. Give y(-7).
-67
Let k(y) = 3*y + 5. Determine k(3).
14
Let g(p) = -3*p - 2. Give g(-6).
16
Let c(t) = t**3 - 22*t**2 + 104*t + 18. Give c(15).
3
Let z(g) = -g**3 - 19*g**2 + 2*g + 34. Give z(-19).
-4
Let v(c) = -c**3 - 10*c**2 + 15*c + 16. Give v(-11).
-28
Let j(l) = 2*l**2 - 10*l - 13. Give j(7).
15
Let s(r) = -r**3 - r**2 - 4*r - 8. Calculate s(-2).
4
Let m(s) = -s**3 - 2*s**2 + 5*s + 15. Calculate m(-3).
9
Let f(p) = -p**2 - 4*p - 11. Determine f(-8).
-43
Let g(y) = y**2 - 13*y + 31. Calculate g(3).
1
Let i(p) = 10*p**2 - 5*p + 5. What is i(1)?
10
Let p(t) = -22*t - 70. Give p